culate the remainder when 114564117 is divided by 660.
657
Calculate the remainder when 3517068 is divided by 3517065.
3
What is the remainder when 318533 is divided by 7583?
47
What is the remainder when 87164 is divided by 786?
704
What is the remainder when 195441130 is divided by 224?
10
Calculate the remainder when 6980 is divided by 4379.
2601
Calculate the remainder when 12748 is divided by 3956.
880
What is the remainder when 59679122 is divided by 14?
6
What is the remainder when 108949 is divided by 7510?
3809
What is the remainder when 9352991 is divided by 2322?
2297
What is the remainder when 2735513 is divided by 505?
433
Calculate the remainder when 112054 is divided by 22251.
799
What is the remainder when 2312195 is divided by 32112?
131
Calculate the remainder when 97754902 is divided by 19.
16
Calculate the remainder when 16814008 is divided by 2906.
2798
Calculate the remainder when 6128090 is divided by 1225618.
0
Calculate the remainder when 2247588 is divided by 149839.
3
What is the remainder when 947996 is divided by 236960?
156
Calculate the remainder when 388781 is divided by 892.
761
What is the remainder when 206316032 is divided by 77?
76
Calculate the remainder when 2363132 is divided by 2174.
2168
Calculate the remainder when 1023334 is divided by 395.
284
What is the remainder when 66924611 is divided by 6084055?
6
Calculate the remainder when 6920971 is divided by 19066.
13
Calculate the remainder when 4856153 is divided by 4147.
16
Calculate the remainder when 943487 is divided by 9.
8
What is the remainder when 7270639 is divided by 1817657?
11
What is the remainder when 13010 is divided by 1824?
242
Calculate the remainder when 2787130 is divided by 553.
10
Calculate the remainder when 105303 is divided by 34942.
477
What is the remainder when 1948918 is divided by 324817?
16
Calculate the remainder when 1708897 is divided by 11317.
30
What is the remainder when 1799647 is divided by 3879?
3670
Calculate the remainder when 22191 is divided by 1961.
620
Calculate the remainder when 499924215 is divided by 11.
10
What is the remainder when 524606 is divided by 144?
14
Calculate the remainder when 2566813 is divided by 37200.
13
What is the remainder when 609076 is divided by 901?
0
Calculate the remainder when 1082292 is divided by 8137.
71
What is the remainder when 892193643 is divided by 853?
852
What is the remainder when 2264721 is divided by 5867?
59
Calculate the remainder when 1177463 is divided by 161.
70
What is the remainder when 13308186 is divided by 2532?
2526
What is the remainder when 2560119 is divided by 1587?
288
Calculate the remainder when 14282 is divided by 164.
14
What is the remainder when 792485 is divided by 439?
90
Calculate the remainder when 18196230 is divided by 3639245.
5
Calculate the remainder when 3069738 is divided by 613937.
53
Calculate the remainder when 41778039 is divided by 201.
189
What is the remainder when 3834270 is divided by 1184?
478
What is the remainder when 516023 is divided by 1256?
1063
What is the remainder when 52398499 is divided by 122141?
10
Calculate the remainder when 4205 is divided by 341.
113
Calculate the remainder when 512382 is divided by 489.
399
What is the remainder when 1719415 is divided by 6?
1
Calculate the remainder when 46513 is divided by 46153.
360
Calculate the remainder when 31644 is divided by 3521.
3476
What is the remainder when 303661 is divided by 33261?
4312
Calculate the remainder when 22291785 is divided by 57.
54
Calculate the remainder when 2570340 is divided by 111.
24
What is the remainder when 438380 is divided by 5424?
4460
Calculate the remainder when 147579 is divided by 2206.
1983
What is the remainder when 26552106 is divided by 490?
476
Calculate the remainder when 81903 is divided by 16235.
728
What is the remainder when 592384 is divided by 29619?
4
What is the remainder when 1596821 is divided by 69425?
46
Calculate the remainder when 41444247 is divided by 16.
7
Calculate the remainder when 119835 is divided by 119731.
104
What is the remainder when 60079 is divided by 2982?
439
What is the remainder when 954366 is divided by 317561?
1683
What is the remainder when 514189 is divided by 36724?
53
Calculate the remainder when 17719892 is divided by 1581.
44
What is the remainder when 2350738 is divided by 587374?
1242
Calculate the remainder when 342860 is divided by 2241.
2228
What is the remainder when 1930194 is divided by 5332?
10
What is the remainder when 47698662 is divided by 152?
150
Calculate the remainder when 1055741 is divided by 50271.
50
Calculate the remainder when 128471 is divided by 13934.
3065
Calculate the remainder when 30291055 is divided by 101990.
25
Calculate the remainder when 43752 is divided by 5877.
2613
What is the remainder when 128299 is divided by 9158?
87
What is the remainder when 1582141 is divided by 116?
17
What is the remainder when 73120 is divided by 122?
42
What is the remainder when 1376092 is divided by 458687?
31
What is the remainder when 7974468 is divided by 77?
40
What is the remainder when 3157126 is divided by 1248?
934
What is the remainder when 90414 is divided by 106?
102
Calculate the remainder when 39442 is divided by 4400.
4242
Calculate the remainder when 520645 is divided by 26032.
5
Calculate the remainder when 102319 is divided by 291.
178
Calculate the remainder when 1478551 is divided by 489.
304
Calculate the remainder when 212362 is divided by 2530.
2372
Calculate the remainder when 33166123 is divided by 82.
75
What is the remainder when 28422 is divided by 162?
72
Calculate the remainder when 58062290 is divided by 188.
182
Calculate the remainder when 30512614 is divided by 24.
22
What is the remainder when 662953 is divided by 7987?
32
Calculate the remainder when 5150249 is divided by 107.
18
Calculate the remainder when 420061 is divided by 94.
69
What is the remainder when 1449382 is divided by 362275?
282
Calculate the remainder when 3823978 is divided by 5710.
3988
What is the remainder when 1964793 is divided by 5?
3
Calculate the remainder when 147237 is divided by 73574.
89
Calculate the remainder when 9903122 is divided by 240.
2
What is the remainder when 1318864 is divided by 710?
394
What is the remainder when 75533626 is divided by 32?
26
Calculate the remainder when 21467297 is divided by 42.
5
What is the remainder when 181261 is divided by 1928?
29
What is the remainder when 12795829 is divided by 14?
11
Calculate the remainder when 27662 is divided by 3118.
2718
Calculate the remainder when 1537686 is divided by 7.
3
Calculate the remainder when 911335 is divided by 227812.
87
What is the remainder when 331038 is divided by 178?
136
Calculate the remainder when 1501948 is divided by 27.
19
What is the remainder when 610851 is divided by 175?
101
Calculate the remainder when 73313 is divided by 285.
68
Calculate the remainder when 723050 is divided by 180670.
370
What is the remainder when 3433131 is divided by 1326?
117
What is the remainder when 28451112 is divided by 2295?
2292
Calculate the remainder when 954785890 is divided by 17.
15
What is the remainder when 1115470 is divided by 267?
211
Calculate the remainder when 2306732 is divided by 4194.
32
Calculate the remainder when 27633658 is divided by 13816826.
6
What is the remainder when 206758 is divided by 104?
6
Calculate the remainder when 34975 is divided by 34528.
447
Calculate the remainder when 94512 is divided by 15737.
90
Calculate the remainder when 12412132 is divided by 164.
120
Calculate the remainder when 5981347 is divided by 31.
21
Calculate the remainder when 39299032 is divided by 5614147.
3
What is the remainder when 1835289 is divided by 2019?
18
What is the remainder when 545605 is divided by 19483?
81
Calculate the remainder when 242384 is divided by 875.
9
What is the remainder when 2187891 is divided by 312555?
6
What is the remainder when 329628 is divided by 778?
534
Calculate the remainder when 17077484 is divided by 17077480.
4
What is the remainder when 3623385 is divided by 20?
5
Calculate the remainder when 203229 is divided by 21.
12
Calculate the remainder when 3071 is divided by 869.
464
What is the remainder when 23035772 is di